 common divisor of 140 and g.
70
Let c = 228 + 1420. What is the highest common divisor of c and 16?
16
Let v be ((-22)/7)/(126/(-441)). Suppose v*y + 5*c = 13*y - 324, 4*y = -4*c + 648. What is the greatest common divisor of y and 36?
18
Let c = -169 - -503. Let q = c + -56. Suppose -5*o = -25, -4*w + 2*o + q = -468. Calculate the highest common divisor of w and 27.
27
Let x = -346 - -350. Suppose 237 = x*z - q, 4*z - 131 = 5*q + 94. Calculate the highest common factor of 90 and z.
30
Let y be (4 - 4)*-1 + (-1 - -657). Let u(q) = -q**3 - 51*q**2 - 55*q - 209. Let t be u(-50). Calculate the highest common factor of y and t.
41
Suppose 0 = -2*a - 2*l - 365 + 1129, -a - 4*l = -367. Let d = a - 184. What is the highest common divisor of 7 and d?
7
Suppose 0 = -32*j - 2*j - 1422 + 5060. What is the highest common divisor of j and 5671?
107
Let b(w) = -109*w**3 - 5*w**2 - 5*w - 4. Let u be b(-2). Let x = -1304 + 1370. What is the greatest common factor of x and u?
66
Let f be 96/(-384) - (1 - (-19407)/(-12)). What is the highest common divisor of f and 32?
16
Let v = -511 - -1071. Let r(f) = f**2 - 17*f - 3. Let j be r(19). Calculate the highest common factor of v and j.
35
Let n be (351*16/(-120))/((-6)/20). What is the highest common divisor of n and 78?
78
Let s be (-1512)/(-60)*(((-29115)/(-10))/9 - 6). What is the highest common divisor of s and 14?
7
Let z be ((-78)/(-65))/((-4)/(-110)). Suppose 23*b - 926 = 86. Calculate the greatest common factor of z and b.
11
Let q = -2900 - -2994. What is the highest common factor of q and 47?
47
Let s(t) = -t**2 + 33*t - 154. Let g be s(7). Let n(m) = -14*m + 4. Let q be n(-10). Let y = q + -74. Calculate the highest common factor of y and g.
14
Suppose -2*d + 48 = 28. Let m be 396/d + 52/130. What is the greatest common factor of m and 20?
20
Suppose 4*k + 830*i - 368 = 832*i, 3*i - 449 = -5*k. Calculate the highest common factor of 299 and k.
13
Suppose -124 - 11 = -5*t. Let m(a) = -a**3 + 9*a**2 - 11*a + 13. Let l be m(6). Let n = l - t. What is the highest common factor of 140 and n?
28
Let m(s) = 15*s**2 + 2*s + 1. Let q be m(-3). Suppose -234*h - 2850 = -519*h. What is the highest common factor of h and q?
10
Let c(d) = 90*d**2 + 12*d - 24. Let r be c(2). Calculate the highest common factor of 450 and r.
90
Suppose -10*u = -25*u + 60. Suppose -u*v = 2*w - 640, 13 = 3*v + 1. Calculate the greatest common divisor of w and 72.
24
Suppose 3483 = 22*c - 3997. Suppose -c*o = -341*o + 60. What is the highest common factor of 1020 and o?
60
Let i(b) = -5*b - 68. Let t be i(-24). Suppose 2*j = -41*x + 44*x + 370, -374 = -2*j + 5*x. What is the highest common divisor of j and t?
26
Let i be -21 + 615 + 36/3. What is the highest common divisor of i and 12?
6
Let a be (-3)/6 - (273/(-14) + 15). What is the greatest common factor of 622 and a?
2
Let i be ((-77)/14 + -6)*-2. Let t = 67 + i. What is the greatest common factor of t and 45?
45
Let f be (-6)/9 - 339/(-9). Let m be (-84)/182 - 565/(-13) - (1 - -5). Calculate the greatest common factor of f and m.
37
Let w be ((-18)/(-8))/((-107)/(-2140)). What is the highest common factor of w and 1?
1
Let z = 174 + -29. Let l = z + -33. Suppose 0 = -y + 1, 2*y + 30 = 2*g. Calculate the highest common divisor of l and g.
16
Let b(v) = -7*v**2 + 6*v - 17*v**2 + 23*v**3 - 9*v**2 - 2 + 28*v**2. Let y be b(1). What is the greatest common factor of 1056 and y?
22
Let s = -7 + 19. Suppose -t = 1, 0 = -3*q - 2*q + 3*t + 103. What is the highest common divisor of s and q?
4
Let s(n) = 13*n**2 + 21*n + 80. Let l be s(-6). Let t = l + -405. What is the highest common divisor of 17 and t?
17
Suppose 21*r + 280 = 35*r. Let b be 3 + (-3)/(-6)*0. Suppose -b = -d + 7. What is the greatest common factor of r and d?
10
Let m be (-25)/(-10) + 2 - 1/(-2). Suppose h - 3*a = -m*a + 78, 4*a - 82 = -h. Calculate the highest common factor of 222 and h.
74
Let j be 2 - (-1 - -3) - -9. Suppose 67 = 4*q - 11*o + 10*o, q + 5*o = 43. Suppose q = 26*m - 216. What is the highest common divisor of m and j?
9
Suppose 124*t + 76 = 125*t - 5*w, 4*w = 4*t - 368. Calculate the highest common factor of 1488 and t.
48
Let b = 4543 - -5816. What is the highest common divisor of 9 and b?
9
Let l(s) = -s**3 - 5*s**2 + 11*s + 18. Let t be l(-6). Let p(g) = -30*g - 345. Let a be p(t). Calculate the highest common divisor of a and 135.
15
Suppose 2*c = -5*m + 24, 27 = 5*m - 9*c + 10*c. Let p be ((-4)/m)/(13/(-2574)) + 6. What is the greatest common divisor of 759 and p?
69
Suppose -4*a + 118 = 102. Let s be (13 - 8) + a/((-16)/(-556)). Calculate the highest common divisor of s and 64.
16
Let c(o) = o**3 + 37*o**2 - 38*o + 59. Let m be c(-38). Let q = 78 - m. Calculate the highest common divisor of 133 and q.
19
Suppose 1199 = -6*g - 3787. Let i = -796 - g. What is the greatest common factor of i and 560?
35
Let c = 782 + -726. Calculate the greatest common divisor of c and 7.
7
Suppose -114*w + 6350 = -64*w. What is the highest common divisor of 1 and w?
1
Let x be (6 - -60)*703/38. Calculate the greatest common divisor of 33 and x.
33
Suppose 0 = -2*p + 6*p - 36. Suppose 4*v + 23 = -3*t, -5*t + 5*v = -2*t + 5. Let u be (t - -32)*(-2)/(-4 + -2). What is the greatest common factor of u and p?
9
Suppose -3*z - 34 = -2*l, 4*l - 2*z - 8 = 28. What is the highest common factor of l and 3695?
5
Let d(s) = s**2 + 20*s - 80. Let q be (-70)/3 + 22/(-33). Let n be d(q). Calculate the highest common divisor of n and 1.
1
Suppose 4*x + 14 - 124 = 2*p, 0 = 4*p + 4. Let n(i) = 7*i**2 + 725*i + 120. Let d be n(-104). What is the greatest common divisor of d and x?
27
Suppose -8881 = -5*c - 5*t + 9689, 0 = t + 1. Let n = c - 2424. Suppose -5*u + n = -b, 2*u + 3*b - 498 = 8*b. What is the highest common factor of u and 37?
37
Let o = 10590 + -1308. What is the highest common divisor of o and 51?
51
Suppose 13*j - 10*j - 66 = -3*m, 0 = 3*j - 4*m - 31. Calculate the highest common factor of j and 7.
1
Let r = -5268 + 5323. Suppose -3*d + d = -4. Let g be ((-5)/d)/(5/(-10)). Calculate the highest common factor of g and r.
5
Suppose 174*u - 163*u - 946 = 0. Calculate the greatest common factor of 817 and u.
43
Let j = 17929 + -17439. What is the highest common factor of j and 130?
10
Let s(r) = 2902*r + 37766. Let v be s(-13). Let u(j) = j**2 - 3*j - 6. Let c be u(-7). What is the highest common divisor of c and v?
8
Suppose 3*y + 97 = -g, 5*g - 126 = 4*y + 16. Let n = -31 - y. Let z(q) = 26*q - 4. Let j be z(n). What is the highest common factor of 72 and j?
24
Let s = 211 + -57. Let g = -103 + s. Let w(z) = z + 9. Let f be w(8). What is the highest common factor of g and f?
17
Let u(p) = -p**3 - 3*p**2 + 2*p - 16. Suppose 23 = -6*y - 37. Let a be -2 - ((-6)/y)/(2/10). Let n be u(a). What is the greatest common factor of n and 24?
24
Suppose 5*m = 5*o - 120, 0 = 19*o - 22*o + 5*m + 76. What is the highest common factor of o and 3014?
22
Let v(y) = -403*y + 7549. Let c be v(7). Calculate the highest common factor of 72 and c.
24
Let v be 6/10*-7*169290/(-133). Calculate the greatest common divisor of v and 132.
66
Let a be ((-30)/(-27))/((-104)/(-5616)). Calculate the greatest common factor of a and 426.
6
Let u(i) = -2*i**2 + 48*i - 230. Let t be u(9). Calculate the highest common divisor of t and 195.
5
Let h(s) = -s**2 - 20*s - 20. Let a be h(-18). Suppose -1257 = -a*t - 297. Calculate the greatest common divisor of t and 255.
15
Suppose 0 = -5*i + 5*o + 15105, 3041 = i - 9*o + 4*o. What is the highest common divisor of i and 16?
8
Let j(o) = o**2 - 8*o - 9. Let s be j(-5). Let k(w) = 70*w**2 + 231*w - 231. Let p be k(1). Calculate the highest common factor of s and p.
14
Suppose 2*d + 4*d = 48. Let o be ((-12)/d)/(9/12). Let u be (3 - 39)*(o - (-10)/6). What is the greatest common divisor of 2 and u?
2
Suppose 4*g - 22 + 2 = 0. Let l be (-392)/(-21) + 0 + (-3)/(-9). Suppose -g*o = -31 - l. Calculate the greatest common divisor of 80 and o.
10
Let l be ((-2108)/620)/(4/(-440)). Suppose -2*p + 4*m + 76 = 2*p, 3*p + 3*m - 75 = 0. Calculate the highest common divisor of l and p.
22
Let a(p) = -p**2 + 4*p - 6. Let k be a(4). Let g be 7 - 2/k*-6. Suppose 12 = 6*s - 18. Calculate the highest common divisor of g and s.
5
Suppose 